x - 8*f - 3745 = -3*f. Let y = -436 - x. What are the prime factors of y?
311
Let t be 1 + 2733 + 7 + -6. Suppose 2*m - 1817 = -5*l, -3*m = l - 3*l - t. List the prime factors of m.
911
Let p be (39 - -1464) + (4 - (4 - 2)). Suppose -5*t = -4*q + 3808, -1351 = -3*q - 4*t + p. List the prime factors of q.
2, 7, 17
Suppose -8*p + 4*p + 4 = 0, 3*y + p - 7 = 0. Suppose y*a - 3552 = -2*q, -4*a + 1794 = -3*a - 5*q. What are the prime factors of a?
3, 593
Suppose 135*a - 126*a - 52929 = 0. Suppose 2413 = 22*w - a. What are the prime factors of w?
13, 29
Suppose -17*q + 2634192 = 26*q - 7*q. List the prime factors of q.
2, 11, 1663
Let m = 7190 - 5316. What are the prime factors of m?
2, 937
Suppose -3167*g - 22600 = -3136*g - 433660. List the prime factors of g.
2, 3, 5, 13, 17
Suppose 20*d - 17*d - 3*m = 267801, 2*d + 3*m = 178509. List the prime factors of d.
2, 3, 19, 29
Let i(t) = -10960*t + 168. List the prime factors of i(-2).
2, 11, 251
List the prime factors of 24650 + (-8)/(96/18)*6.
41, 601
Let n(w) = 767*w**2 - 37*w - 37. List the prime factors of n(-1).
13, 59
Suppose 188*u = 227*u - 1685190. List the prime factors of u.
2, 5, 29, 149
Let o(p) = p**2 + 3*p - 4. Let k be o(-3). Let x = 8 + k. Suppose -3*q = -4*l + 1027, q + 769 = -l + x*l. List the prime factors of l.
2
Let p be (-3)/((-33)/130) - (-4)/22. Suppose 5*l = p*l + 5481. What are the prime factors of (-1)/(6/l) + (-1)/(-2)?
131
Suppose -312931 - 161048 = -33*b. What are the prime factors of b?
53, 271
Let g be 0 + 0 + 528/88. List the prime factors of 21/g + 55043/38.
2, 3, 11
Let k(q) = -1929*q + 327. What are the prime factors of k(-5)?
2, 3, 277
Let s(j) = 691*j**3 + 21*j**2 - 74*j + 29. List the prime factors of s(4).
44293
Suppose 4*v - 270 = l, -l - 3*v - 55 - 208 = 0. Let n = -247 - l. List the prime factors of n.
19
Suppose 2*x - 116 = -348. Suppose 3*d = 2*i + 619, 2*d - i = 3*d - 203. Let n = x + d. List the prime factors of n.
89
Let j = 28982 + -6595. List the prime factors of j.
61, 367
Suppose 4*r = 5*r - 2. Let c be r/(-12) - (-225)/54. Suppose u + c*u - 490 = 0. What are the prime factors of u?
2, 7
Suppose 10*h - 18941 - 44303 + 12804 = 0. List the prime factors of h.
2, 13, 97
Suppose -2*o = n - 107, -69*n = -3*o - 67*n + 178. List the prime factors of -7*(-4 + (-5360)/o).
2, 349
Let r be (1 + 2)*38/57. Suppose 0 = 2*v - 2 - 8. Suppose 4*b = -4*z + 140, 0 = v*z + r*b - 112 - 78. What are the prime factors of z?
2, 5
Let p = 107 - -1527. What are the prime factors of p?
2, 19, 43
Let k(i) = -1760*i - 332. List the prime factors of k(-5).
2, 29, 73
Suppose y + 3*a + 3 = 4*y, 5*y - 4 = 4*a. Let k(d) = d**3 + d**2 - 7*d + 257. What are the prime factors of k(y)?
257
Let v(m) = -16*m + 46. Let x be v(3). List the prime factors of (105 - (x - 5)) + (-5)/(-1).
3, 13
Let f(m) = -16*m**3 - 5*m**2 + 8*m - 6. Let a be f(3). Let g = a + 873. List the prime factors of g.
2, 3, 23
Suppose 5*z - 35 = 0, 2*z + 10240 = -3*l + 77073. List the prime factors of l.
22273
Let c = 112 - 112. Suppose 15*b - 5917 - 9308 = c. What are the prime factors of b?
5, 7, 29
Let s be (2 - 1) + -2 + 7. Suppose -1133 + 1043 = 5*x. List the prime factors of s/(x/15)*-13.
5, 13
Suppose 0 = 41*o + 31 - 31. Let m be (-1)/(-1)*(-6)/(-2). Suppose 2*w = -r + 106, m*r + o*w - 288 = 4*w. List the prime factors of r.
2, 5
Let z = 35030 - 19073. List the prime factors of z.
3, 197
Suppose 8*a + 70189 - 286637 = 0. List the prime factors of a.
2, 19, 89
Suppose 4*a + 620 = -2*b - 0*b, -5*b - 4*a = 1556. List the prime factors of (b/18 + -5)*15*-1.
5, 67
Let r = -7628 - -9944. List the prime factors of r.
2, 3, 193
Let t be (14/4)/((-4)/8). Let c = t + 14. What are the prime factors of (4 - c)*(-52)/6?
2, 13
Let z = -101 - -62. Let k be (-8)/(-14) + 1292/238 + 67. Let l = k - z. What are the prime factors of l?
2, 7
Let b(f) be the first derivative of f**3/3 + 9*f**2/2 + 5*f - 11. Let p be b(-8). What are the prime factors of (-3*1)/3 + (-72)/p?
23
Suppose 0 = -2*p - c + 20496, 3*p + 2*c - 30759 = -2*c. What are the prime factors of p?
3, 5, 683
List the prime factors of (-15)/((-270)/(-96))*24*-3.
2, 3
Let s be (-6)/(-33) - 9036/(-33). Let x(y) = -8*y + 59. Let c be x(7). Suppose c*w = 5*w - s. List the prime factors of w.
137
Suppose 5 = -3*d + 14. Suppose f + 254 = d*p, 0*p - 343 = -4*p - 3*f. Suppose k - p = 3*n, n - 2*n - 215 = -3*k. What are the prime factors of k?
2, 5, 7
Suppose 42*d - 353432 = -90092. List the prime factors of d.
2, 3, 5, 11, 19
Suppose 69 = 29*w - 18. Suppose w*n + 4312 = 17*n. What are the prime factors of n?
2, 7, 11
Let s(w) be the second derivative of -w**3/2 + 5*w**2 - 13*w. Let v be s(3). Let l(b) = 127*b**2 - b - 1. List the prime factors of l(v).
5
List the prime factors of (-18)/(-33)*1873828/37.
2, 3, 1151
Let z be (-3)/(-3) + (-5 - -17). Suppose -2*u + 5*k = -z + 3, -4*u - k = 24. List the prime factors of ((-79)/u)/(1/5).
79
Suppose j = -4*j + 125. Let x = 31 - j. List the prime factors of 88/x + 11/33.
3, 5
Suppose -9*b = -4554 + 1494. Suppose 9*g - 911 = b. List the prime factors of g.
139
Suppose 7*m - 15*m - 6128 = 0. Let l = -432 - m. What are the prime factors of l?
2, 167
What are the prime factors of -288*((-30560)/(-45))/(-16)?
2, 191
List the prime factors of (-608622)/(-133) + 5 + 10/(-95).
3, 509
Let f(t) = t**2 - 12*t - 26. Let b be f(14). Suppose 630 = b*w - 16. What are the prime factors of w?
17, 19
Let g(d) = 110*d**2 - 5. Let a be g(-3). Let o = -345 + a. What are the prime factors of o?
2, 5
Suppose 2*y + 21 - 5 = 0. Suppose 5*v + 4*v = -36. What are the prime factors of y/((v/(-35))/(8/(-20)))?
2, 7
Suppose -233*o + 11745961 + 4598851 = 1709383. List the prime factors of o.
23, 2731
Suppose 9084 = 5*c - 5*p + 6*p, 2*c - 3636 = 2*p. What are the prime factors of c?
23, 79
Let r(m) = 3*m**2 - 13*m - 27. Let i be r(-5). Let n = i - -55. List the prime factors of n.
2, 3, 7
Let x(w) = -w**3 + 12*w**2 - 6*w - 17. Let v be x(10). Let j = v + 90. Let b = j - 115. What are the prime factors of b?
2, 7
Let h(v) = v**3 + 12*v**2 + 8*v - 24. Let f be h(-11). Let i be (-1)/6*(0 - -4)*f. What are the prime factors of (-1)/i*26 - (-2)/(-6)?
2
Let y(d) = 8718*d**3 - 5*d**2 + 11*d - 24. List the prime factors of y(2).
2, 71, 491
Suppose 4*j - 733 = j - f, 5*j + 3*f = 1227. List the prime factors of -2 + 16/9 + 92394/j.
2, 5, 19
Let c = -49 + 52. Suppose b - 2*d + 5 = -c*d, 4*b = 2*d + 10. Suppose b = -3*i - 0*i + 222. List the prime factors of i.
2, 37
Suppose 5*u - 80 = -5*l, 2*u - 53 = -5*l + 2*l. Suppose 0 = l*a - 3*a - 6210. List the prime factors of a.
3, 5, 23
Suppose 65*o - 5829516 = -67*o. List the prime factors of o.
3, 7, 701
Let c(a) = -2409*a + 7575. What are the prime factors of c(-8)?
3, 19, 157
Let v(y) = y**2 + 10*y - 1. Let k be v(-11). Let x be (957/9)/((-15)/(-90)). Suppose -i = k*i - x. List the prime factors of i.
2, 29
Let i(f) = -3*f + 0*f - 406*f**3 - 174*f**2 + 170*f**2. What are the prime factors of i(-1)?
3, 5
Suppose 148929 = 21*d - 190494. What are the prime factors of d?
7, 2309
Suppose 2*j + 4 = 0, -3*i + 3161 = -4*j - 2727. Suppose -5*g + 3*t - t + i = 0, -3*g = -5*t - 1195. List the prime factors of g.
2, 3, 5, 13
Let o be 12/2*((-4)/(-8) - 1). Let c be (140/6)/(-7)*o/2. Suppose 0*l - 5*w = 3*l - 328, 0 = -4*l + c*w + 484. What are the prime factors of l?
2, 29
Suppose -9 = f + 2*f. Let q be 66/(-8) - 306/408. What are the prime factors of f + 96*3*(-3)/q?
3, 31
Suppose 4 = 2*v - 2*q, 3*q = 2*v - 1 + 2. Suppose -v*g + 31 = -4. Suppose g*s - 29 = -0*s - y, y = -1. What are the prime factors of s?
2, 3
Let h(o) = -10*o**2 + 3*o**3 - 9*o - 12 - 7 - 2*o**3. Let d be h(11). Suppose 3*j + 5*p - 127 - 322 = 0, d*j - 4*p - 440 = 0. What are the prime factors of j?
2, 37
Let j = 18195 - 3313. List the prime factors of j.
2, 7, 1063
Let i be 20*82*2/8. Suppose -y - 7*c + 416 = -2*c, 3*c - i = -y. Suppose 3*p = 106 + y. List the prime factors of p.
13
Let q(y) = 72*y + 1116. What are the prime factors of q(67)?
2, 3, 5, 11
Suppose 24*s + 67*s = -81*s + 396976. List the prime factors of s.
2, 577
Let p = 15 + -6. Suppose -3*k + 0 = -p. Suppose k*y - 7*y + 104 = 0. What are the prime factors of y?
2, 13
Let r = -54 + 113. Let p = r - 55. Supp